35*p + 2131. What is the thousands digit of m(38)?
3
Let r = -1430 + 2324. What is the tens digit of r?
9
Suppose -2*v - 1 + 3 = -b, v - b = 0. Suppose 0 = -v*i - i + 237. Let h = 40 + i. What is the tens digit of h?
1
Let x be (-39912)/(-30) - ((-92)/20 + 4). Let r = -153 + x. What is the hundreds digit of r?
1
Suppose -175*s = -5582034 - 9322366. What is the tens digit of s?
6
Suppose 0 = -8*b + 7*b. Suppose 2*p + 2*k = -3*k + 26, -p + 5*k - 2 = b. Suppose -5*q + 50 = 4*m, -q - 3*q = -p. What is the tens digit of m?
1
Let t(c) = -2*c + 7. Let h be t(6). Let g = 345 + -395. Let l = h - g. What is the tens digit of l?
4
Suppose 5*y = -5*t + 82090, 4*t + 26265 = -y + 91937. What is the thousands digit of t?
6
Suppose 3*g - 657 = 3*m, -3*g + 110 = 3*m - 517. What is the tens digit of g?
1
Let p = 427 - 439. What is the units digit of ((704/p)/(-4))/(1/21)?
8
Let f = -689 - -914. Let x = 866 + f. What is the tens digit of x?
9
Let t(i) = i**3 - 8*i**2 + 5*i + 18. Suppose 203 = 15*g + 53. What is the hundreds digit of t(g)?
2
Let p = -6760 - -16422. What is the hundreds digit of p?
6
Let t(i) = -13*i - 18. Let u be t(-2). Suppose 553 = 3*j - 5*m, -3*m - m - u = 0. What is the units digit of j?
1
Suppose b + o = 3353, -45*b + 4*o + 10024 = -42*b. What is the hundreds digit of b?
3
Let a(g) = -49*g - 101. Let w(f) = -f**3 + 11*f**2 + 5*f - 64. Let s be w(11). What is the hundreds digit of a(s)?
3
Suppose 0 = 4*n - 19386 - 1442. What is the tens digit of n?
0
What is the hundreds digit of 11055198/341 - 4/(-62)?
4
Let d = -1957 - -2855. Suppose 2573 = 5*o + 3*z, -5*o + 3*z + d = -1699. What is the units digit of o?
7
Suppose 20*l + 135419 = 369319. What is the hundreds digit of l?
6
Suppose -64*h = -871120 + 57360. What is the tens digit of h?
1
Let t = 10736 + -743. What is the tens digit of t?
9
Let q = -53 - -33. What is the tens digit of (q/12)/(7/(-2919))?
9
What is the units digit of 12 - (-39)/(-26)*-4454?
3
Suppose -103845 - 743209 = 63*m - 89*m. What is the ten thousands digit of m?
3
Suppose 2*z - 11*z + 54 = 0. Suppose 0 = -7*d - z*d + 5993. What is the units digit of d?
1
Let y = 168 - 183. What is the tens digit of (3/(30/(-1108)))/(6/y)?
7
Let l(g) = -496*g - 3. Let q be l(-3). Suppose o = -4*m + 224 + 98, 5*m = 5*o - q. Let p = o + -117. What is the units digit of p?
5
Suppose 37*v = 102454 + 36518. What is the thousands digit of v?
3
Let l be 25 + (-6 - (-3 + 0)). Let r = l - 25. What is the tens digit of 27 + 15 + (-1 - r)?
4
Let b(s) = -2323*s**3 - 11*s**2 - 24*s + 3. What is the units digit of b(-2)?
1
Let u = 160 + -217. What is the hundreds digit of (-6)/2 - 5*(u - -2)?
2
Let y(l) = l**3 + 19*l**2 - 21*l - 15. Let u be y(-20). Let n be (u/15)/(5/(-30)). What is the units digit of n/(-6) - (-3152)/48?
6
Suppose 7*d = 16*d + 9. Let i(h) = -151*h**3 - 2*h**2 - 5*h - 2. What is the units digit of i(d)?
2
Let i be -5*(2 + 356/(-20) + -3). Suppose 4*j - 4*c = 132, -18*j + 15*j + 4*c = -i. What is the units digit of j?
8
Suppose 510*l - 515*l + 773 = -3*r, 0 = r - 4. What is the units digit of l?
7
Let a = 27 + -203. Let r = a + 719. What is the tens digit of r?
4
Suppose -37*u + 250 = -9. Let h(f) = 69*f - 127. What is the units digit of h(u)?
6
Suppose 0 = -30*r + 26*r + 2684. Suppose 2*p = r - 125. Let t = p - 107. What is the tens digit of t?
6
Let c = -9607 - -30603. What is the thousands digit of c?
0
Let c(g) = 11*g + 1. Let h be c(2). Suppose 0 = 4*i - 3*p + 7, -5*p = -i - h. Suppose i*o - 46 = -3*b + 133, -b = -5*o - 88. What is the tens digit of b?
6
Let l = -4666 - -9334. What is the tens digit of 273/(-455) + l/5?
3
Let q(j) = -11*j - 82. Let l(w) = 5*w + 40. Let b(a) = 10*l(a) + 4*q(a). What is the units digit of b(18)?
0
Let o(g) be the first derivative of -g**3/3 - 9*g**2 - 11*g + 121. Let y be (8/5)/(2/(-10)). What is the tens digit of o(y)?
6
Suppose -5*c - 10110 = 27*t - 29*t, 4*c + 8090 = 2*t. What is the hundreds digit of (34/(-85))/(2 + 4041/c)?
8
Let u be 1/(-3) + 5095/(-15). Let w = u + 503. What is the units digit of w?
3
Let n = 331 - 331. Suppose n = -13*q + 21*q - 10272. What is the tens digit of q?
8
Suppose -29*r + 113080 - 351245 = -52*r. What is the tens digit of r?
5
Let u be 3047/(-22)*(-4)/10*-5. Let b = u - -1585. What is the hundreds digit of b?
3
Let u = 21584 - 8327. What is the ten thousands digit of u?
1
Let d = 92950 - 42690. What is the hundreds digit of d?
2
Suppose -2*g - g = -4*j + 62, 3*j - 52 = 5*g. Suppose 4*f - 14 = -j. Suppose 5*x + 5*w - 780 = 0, f = -2*x + 15*w - 11*w + 282. What is the hundreds digit of x?
1
Suppose -6148 = -2*c - l, 9*l = 4*c + 5*l - 12260. What is the units digit of c?
1
Let d(q) = q**3 - 57*q**2 - q + 63. Let t be d(57). What is the hundreds digit of (-14)/(-2) - t - -812?
8
Let u(m) = -42*m - 263. Let a be u(-20). Suppose -h - 5*b + 400 = -a, -2*h - b = -1945. What is the units digit of h?
2
Suppose 2*a - 4*g = 96958, -5*g = -13 + 18. What is the units digit of a?
7
Let t = 389 - 356. What is the tens digit of -147*(-11)/(t/20)?
8
Suppose -9*s + 81156 + 133383 = -97392. What is the thousands digit of s?
4
Let k = 28968 + 10045. What is the hundreds digit of k?
0
Let f be 1394/51*(-3 - 0)*-1. Let q = -106 + f. Let w = 25 + q. What is the units digit of w?
1
Suppose 0 = 3*k - 6*k + 106166 + 10669. What is the thousands digit of k?
8
Let z(d) = 3*d**3 + d**2 - 38*d + 6. Suppose 0 = 2*c - 18 + 6. What is the tens digit of z(c)?
6
Let g(r) = -23*r + 8. Let l(u) = -70*u + 23. Let k(x) = 17*g(x) - 6*l(x). Let b be k(1). Suppose -10*o - b = -11*o. What is the units digit of o?
7
Suppose -94*l + 89*l + u + 126117 = 0, 0 = -5*l + 4*u + 126138. What is the tens digit of l?
2
What is the tens digit of 62871435/1650 + 3/30?
0
Let n = 11308 - -96. What is the hundreds digit of n?
4
Let w(h) = 609*h + 184. Let i be w(15). Suppose 0 = -16*u + 10809 + i. What is the thousands digit of u?
1
Suppose 68*a = 142628 + 313312. What is the tens digit of a?
0
Let v(j) = 33*j - 42. Let a(z) = z - 3. Let c(b) = 2*a(b) - v(b). What is the units digit of c(-23)?
9
Let a = 95 + -58. Let h = a + -34. Suppose -h*c + 7*c = 112. What is the units digit of c?
8
Suppose 2*k - 4389 = -5*q + 9610, q - 27989 = -4*k. What is the units digit of k?
7
Let t(l) = l**3 + 62*l**2 - 54*l + 110. What is the units digit of t(-56)?
0
Let y be (((-231)/(-22))/7)/(1/(-86)). Let d = y - -132. What is the units digit of d?
3
Suppose -5*q = -12*q + 21. Suppose 3*t = o + 2*o - 372, 0 = q*t + 4*o + 393. Let a = -17 - t. What is the units digit of a?
0
Let i = 4978 - 2818. Suppose 5*q - 3*p = 5438, 6*p + i = 2*q + p. What is the thousands digit of q?
1
Let g = -281 - -413. Suppose 696 = 5*f + 4*k, g = f - 0*f - k. Suppose v - f = -v. What is the tens digit of v?
6
Suppose -1695 = -10*d - 6495. Let p = -258 - d. What is the tens digit of p?
2
Let t be 3 - (-1 + 8) - -7. Suppose t = -j, -5*w + 2*j - j = 202. Let i = w - -104. What is the tens digit of i?
6
Let t be -10*33/(-110) - (3 - 0). Suppose 4784 = 3*g - t*a - 2*a, -g + 2*a = -1600. What is the tens digit of g?
9
Let g(v) = -v**3 + 46*v**2 + 577*v - 40. What is the hundreds digit of g(-12)?
3
Suppose 0 = -9*x + 6059 + 8413. Suppose -2*c + x - 502 = 0. What is the hundreds digit of c?
5
Let r(g) = g**2 - 19*g - 12. Let t be r(19). Let y be (t/10)/(6/20). Let c(i) = -6*i. What is the units digit of c(y)?
4
Let d be ((-1026)/18)/((-6)/2). Let a(l) = 2*l**2 - 16*l - 78. What is the tens digit of a(d)?
4
Let r(g) be the second derivative of 0 - 1/6*g**3 + 1/12*g**4 - 23/2*g**2 + 4*g. What is the tens digit of r(15)?
8
Suppose 5*h + 58 = 4*y, h = -2*h + 6. Let q(c) = -2*c - 3*c**2 + 7 + y - 4*c + 4*c**2. What is the units digit of q(16)?
4
Let g(x) = 498*x**2 - 96*x - 508. What is the tens digit of g(-8)?
3
Let t(h) = -7*h**2 - 2*h - 34. Let u be t(-13). What is the hundreds digit of u*(-3)/(-9)*-1?
3
Suppose 19*i + 178260 = -4*i + 43*i. What is the units digit of i?
3
Let n = 3875 + -1901. What is the tens digit of n?
7
Suppose 6*w = 7*w. Suppose w = 3*z + z + z. Suppose 3*j = -n - j + 76, -2*n - 2*j + 146 = z. What is the tens digit of n?
7
Suppose -183 = 2*j - 783. Suppose -j = -36*p - 120. What is the units digit of p?
5
Suppose 12 = -15*s + 72. Suppose -17*l + s*